In base 15, what is bd57 + 23e?
c096
In base 15, what is -b3159 + -764?
-b38bd
In base 15, what is 24064 - 95?
23ebe
In base 3, what is -1201 + 10200010122?
10200001221
In base 10, what is 0 - -2162089?
2162089
In base 5, what is 24230310 + 101?
24230411
In base 9, what is 23772124 - 5?
23772118
In base 10, what is 11 - 381399?
-381388
In base 4, what is -10001132200 + -11123?
-10001203323
In base 15, what is -3ae28c3 + 6?
-3ae28bc
In base 15, what is 1222c8 - 3?
1222c5
In base 7, what is -1 - 343216434?
-343216435
In base 2, what is -11010010010111101110000000111 + -1?
-11010010010111101110000001000
In base 4, what is -32333331013 + 11312?
-32333313101
In base 15, what is a + 2b814?
2b81e
In base 4, what is -2302231 + 1033110?
-1203121
In base 15, what is 40712 + -cc?
40635
In base 7, what is 3302 - -1031?
4333
In base 9, what is 7881 - 25682?
-16701
In base 2, what is 110100001 - 11010001001011010?
-11010000010111001
In base 16, what is -5 - -301202f?
301202a
In base 16, what is -156 - 379b6b?
-379cc1
In base 7, what is -442 - 430424?
-431166
In base 5, what is 2214000 - -11234?
2230234
In base 16, what is -649add - -1?
-649adc
In base 14, what is 39cc + 736?
4324
In base 8, what is -176345 - 1320?
-177665
In base 4, what is -23022231003131 + 1?
-23022231003130
In base 11, what is -7353226 + -4?
-735322a
In base 8, what is -403 - 24502?
-25105
In base 7, what is 22150 - 465644?
-443464
In base 8, what is 266066 + -44?
266022
In base 10, what is -45 - 382995?
-383040
In base 9, what is 1034 - -3106?
4141
In base 7, what is -2 - -1321421221?
1321421216
In base 14, what is -122c - 299a?
-3bc8
In base 6, what is -112232100 - 0?
-112232100
In base 15, what is -19 - 1d08d?
-1d0a7
In base 10, what is -298611 - -92?
-298519
In base 6, what is -2041451 + 101?
-2041350
In base 4, what is 101223 + 2021012?
2122301
In base 10, what is -410255 + -580?
-410835
In base 7, what is -3 + -54346101?
-54346104
In base 10, what is 880 - -14256?
15136
In base 6, what is 5 + -251135104?
-251135055
In base 4, what is -2130011 - 13?
-2130030
In base 11, what is -141a5 - 1281?
-15476
In base 5, what is 13041 - -12043?
30134
In base 14, what is -71d7 + -6c?
-7265
In base 9, what is -25551 + -867?
-26528
In base 7, what is 5 - -131034235?
131034243
In base 5, what is 10 - -32441024222?
32441024232
In base 9, what is 12157 + 4205?
16363
In base 16, what is -6 - -70bcad?
70bca7
In base 11, what is -476a1 + 14?
-47688
In base 15, what is -1 + -445940?
-445941
In base 6, what is 3 + -20354444204?
-20354444201
In base 9, what is 110234 - 11441?
87683
In base 7, what is 35525 + 2243?
41101
In base 6, what is 130043 - 3113?
122530
In base 11, what is -4439a025 + -3?
-4439a028
In base 16, what is -46812 - 59?
-4686b
In base 8, what is -1341341516 + -2?
-1341341520
In base 4, what is -1 + 113322112021133?
113322112021132
In base 12, what is 3 + -ab93198?
-ab93195
In base 13, what is -136663 + 2c?
-136634
In base 2, what is -1101001100110101101 + 100001101?
-1101001100010100000
In base 5, what is -111 - -101133011023?
101133010412
In base 5, what is -420 - -2033402?
2032432
In base 8, what is -53 + 300074?
300021
In base 3, what is -200120 + -1001012201121?
-1001020102011
In base 13, what is b8a1 + -62?
b83c
In base 15, what is -24132260 + 5?
-2413225a
In base 4, what is -10 + -22231220123?
-22231220133
In base 16, what is 3569 + -4827?
-12be
In base 15, what is -285052b - -1?
-285052a
In base 9, what is -2068217 - 4?
-2068222
In base 13, what is 6a + 5b646?
5b6b3
In base 13, what is c515 + -17259?
-7a44
In base 7, what is 4 - -3036215124?
3036215131
In base 3, what is -10010100001122102 + -21?
-10010100001122200
In base 7, what is 3215262 - -13?
3215305
In base 2, what is 10001011111010 + 10011001?
10001110010011
In base 6, what is 2020205535 - 4?
2020205531
In base 14, what is -1 - -10773aa5?
10773aa4
In base 12, what is 58 + 1a4b52?
1a4baa
In base 10, what is -1676132 - -17?
-1676115
In base 16, what is 308e - 17cf?
18bf
In base 16, what is d84 + -416?
96e
In base 6, what is -2414 + 1551351?
1544533
In base 12, what is 0 - 211781b8?
-211781b8
In base 3, what is -11212020222202 + -21221?
-11212021021200
In base 16, what is 3fc - 4c4?
-c8
In base 16, what is 42261 - -5e?
422bf
In base 14, what is -16d + 8da95?
8d926
In base 8, what is 4 - 11053021?
-11053015
In base 8, what is 462242 - -66?
462330
In base 5, what is 1 - 1410041043?
-1410041042
In base 8, what is -6014 - 33442?
-41456
In base 3, what is 201012021102 - 1001?
201012020101
In base 16, what is -4 - -251e0a5?
251e0a1
In base 11, what is 253 - -125374?
125617
In base 14, what is aaa - 17962c?
-178962
In base 9, what is -1324 + -566647?
-568072
In base 2, what is -1010011111111 + 11010111100010?
10000011100011
In base 7, what is 20 - 110115342?
-110115322
In base 4, what is -11100 + -20100231?
-20111331
In base 8, what is -6 + 425562071?
425562063
In base 14, what is 69b7 + 375?
6d4c
In base 4, what is 13122120 + 1132?
13123312
In base 5, what is 22013224 + 341?
22014120
In base 13, what is -509 - 29112?
-2961b
In base 12, what is 10a3 + 75416?
764b9
In base 8, what is -33 - 522657?
-522712
In base 16, what is -879f + -35f?
-8afe
In base 7, what is -1540334106 - 4?
-1540334113
In base 14, what is 99c3 + -273?
9750
In base 3, what is 101210220101202010 + -12?
101210220101201221
In base 6, what is -431 + -1432115?
-1432550
In base 8, what is -15213 - -2172?
-13021
In base 7, what is 346 + 15615614?
15616263
In base 7, what is 3635121 - 51?
3635040
In base 15, what is 476 + 1ea6?
242c
In base 10, what is -14831 + -309?
-15140
In base 15, what is -2 + -cd5567?
-cd5569
In base 2, what is 10100111110011101111 + 100?
10100111110011110011
In base 11, what is -84a09 + 7?
-84a02
In base 6, what is 0 + -13544510?
-13544510
In base 9, what is 14 - -36863417?
36863432
In base 2, what is -10100101110000 - 11010100001?
-11000000010001
In base 12, what is -2 - -11b00591?
11b0058b
In base 7, what is 1110054400 - -2?
1110054402
In base 9, what is -4 - -4760051?
4760046
In base 7, what is 22 + -4311302?
-4311250
In base 13, what is 65ba - 869?
5a51
In base 2, what is 1111011000010110000 - 1000?
1111011000010101000
In base 6, what is 12153 - 513312?
-501115
In base 15, what is -4090e4 - 2?
-4090e6
In base 10, what is -1358 + -36537?
-37895
In base 6, what is -40000333151 - -5?
-40000333142
In base 5, what is -224104 - -1400120?
1121011
In base 10, what is -801557478 - 2?
-801557480
In base 3, what is 10 + 202010002112200?
202010002112210
In base 6, what is 1440051 - -50?
1440141
In base 15, what is c97912 + 1?
c97913
In base 10, what is 121362 + -2681?
118681
In base 9, what is -437678030 + -8?
-437678038
In base 15, what is 117a2e5 + -3?
117a2e2
In base 13, what is 8 + 29443a?
294445
In base 8, what is -175517565 - -5?
-175517560
In base 14, what is 4739588 - -4?
473958c
In base 15, what is -13 + -c4846?
-c4859
In base 9, what is 25 + -82655?
-82630
In base 9, what is 120 + 15676863?
15677083
In base 12, what is 12a - -49475?
495a3
In base 7, what is -20564 + -32405?
-53302
In base 14, what is 14600 + 25?
14625
In base 9, what is 475665 + 4?
475670
In base 11, what is 12856 + 7444?
1a19a
In base 5, what is 440 - -14324104?
14330044
In base 8, what is -15 + -3660247?
-3660264
In base 8, what is -43 + 53655232?
53655167
In base 4, what is -31 + -211103010323?
-211103011020
In base 4, what is 2202313023010 - 32?
2202313022312
In base 13, what is 0 + -219190aa?
-219190aa
In base 3, what is -221112 + -2102221201?
-2110220020
In base 13, what is 302 - -231a0?
234a2
In base 3, what is 1001220110102 + 11100?
1001220121202
In base 11, what is 1 + -1764169?
-1764168
In base 8, what is 332055 - -5234?
337311
In base 7, what is -1111132 + -352?
-1111514
In base 14, what is 102bb + 10c4?
113a1
In base 7, what is 4 + 660626001?
660626005
In base 13, what is 8366 - -7838?
12ba1
In base 10, what is -2434211 - 15?
-2434226
In base 15, what is -6 + -2b03e64?
-2b03e6a
In base 5, what is 10410424 - -441?
10411420
In base 3, what is 1021211 + -2120010121?
-2111211210
In base 13, what is 4c2c27 + 48?
4c2c72
In base 14, what is 16ab153 - 7?
16ab14a
In base 16, what is 0 + 9f458f?
9f458f
In base 2, what is 101001 - -100110011101101110000101?
10011001110110